t -1102 (base 4) to base 9.
-101
What is 3 (base 13) in base 9?
3
What is 21 (base 11) in base 5?
43
Convert -29 (base 15) to base 6.
-103
What is -10001 (base 2) in base 5?
-32
2 (base 3) to base 4
2
340 (base 8) to base 9
268
Convert -45 (base 10) to base 5.
-140
Convert -3a (base 12) to base 3.
-1201
-1 (base 13) to base 4
-1
What is 2 (base 12) in base 2?
10
3 (base 9) to base 4
3
Convert -6f (base 16) to base 10.
-111
What is -86 (base 10) in base 13?
-68
-4 (base 14) to base 8
-4
What is 151 (base 6) in base 10?
67
What is 0 (base 5) in base 2?
0
133 (base 5) to base 15
2d
Convert 18 (base 13) to base 7.
30
Convert 11 (base 12) to base 2.
1101
4 (base 9) to base 4
10
bd (base 15) to base 9
217
What is -128 (base 13) in base 5?
-1303
Convert 4 (base 12) to base 4.
10
Convert 20 (base 11) to base 10.
22
123 (base 4) to base 12
23
Convert 0 (base 16) to base 15.
0
-2 (base 5) to base 15
-2
11 (base 2) to base 3
10
Convert 17 (base 11) to base 6.
30
-1100000 (base 2) to base 14
-6c
What is b (base 12) in base 15?
b
Convert -44 (base 5) to base 6.
-40
Convert -4 (base 16) to base 3.
-11
-3 (base 16) to base 5
-3
Convert 0 (base 3) to base 9.
0
1010 (base 3) to base 4
132
What is 150 (base 9) in base 5?
1001
What is -d (base 16) in base 7?
-16
Convert -2 (base 4) to base 13.
-2
What is -46 (base 8) in base 13?
-2c
Convert -10 (base 16) to base 4.
-100
What is -114 (base 7) in base 16?
-3c
Convert -26 (base 8) to base 7.
-31
Convert 6 (base 9) to base 6.
10
Convert -2 (base 9) to base 15.
-2
What is 43 (base 7) in base 3?
1011
Convert 16 (base 12) to base 15.
13
Convert 41 (base 5) to base 8.
25
What is 7 (base 10) in base 9?
7
What is 11 (base 5) in base 14?
6
-4 (base 8) to base 2
-100
What is a (base 16) in base 8?
12
What is 3 (base 8) in base 7?
3
Convert 32 (base 11) to base 14.
27
What is -10 (base 4) in base 11?
-4
5 (base 16) to base 6
5
What is -1 (base 6) in base 5?
-1
Convert -12 (base 6) to base 4.
-20
22 (base 11) to base 5
44
0 (base 5) to base 11
0
6 (base 15) to base 7
6
-1 (base 8) to base 6
-1
Convert 91 (base 12) to base 11.
9a
What is -6d (base 16) in base 12?
-91
What is -3 (base 6) in base 13?
-3
-211 (base 5) to base 16
-38
Convert 14 (base 8) to base 12.
10
What is -77 (base 13) in base 11?
-8a
What is -2 (base 9) in base 12?
-2
What is 11 (base 4) in base 2?
101
What is -7 (base 8) in base 3?
-21
-6 (base 12) to base 11
-6
Convert 13 (base 12) to base 10.
15
What is 231 (base 8) in base 16?
99
What is 3 (base 5) in base 12?
3
Convert 1113 (base 6) to base 9.
320
What is 1 (base 10) in base 12?
1
What is 0 (base 10) in base 15?
0
Convert 1 (base 16) to base 2.
1
Convert 211 (base 6) to base 10.
79
-2 (base 3) to base 6
-2
10 (base 4) to base 6
4
-3 (base 14) to base 5
-3
Convert 1 (base 9) to base 6.
1
What is -10 (base 6) in base 15?
-6
Convert 1b (base 12) to base 15.
18
Convert 37 (base 11) to base 15.
2a
Convert -222 (base 5) to base 2.
-111110
Convert -5 (base 9) to base 13.
-5
-61 (base 15) to base 3
-10101
Convert -22 (base 6) to base 13.
-11
Convert 111 (base 2) to base 8.
7
-20 (base 4) to base 13
-8
Convert -5 (base 13) to base 14.
-5
-1001 (base 2) to base 7
-12
Convert -1 (base 6) to base 4.
-1
93 (base 10) to base 15
63
Convert 1 (base 5) to base 9.
1
Convert -42 (base 12) to base 14.
-38
-2 (base 13) to base 5
-2
-1 (base 3) to base 15
-1
Convert 5 (base 7) to base 16.
5
What is -211 (base 5) in base 16?
-38
Convert 3 (base 15) to base 2.
11
2 (base 5) to base 10
2
What is 111000 (base 2) in base 9?
62
-5 (base 16) to base 3
-12
Convert 112 (base 4) to base 12.
1a
-4 (base 16) to base 12
-4
-3 (base 13) to base 11
-3
What is -101 (base 10) in base 8?
-145
1 (base 13) to base 9
1
Convert -12 (base 7) to base 2.
-1001
Convert -5 (base 13) to base 7.
-5
What is 3 (base 11) in base 8?
3
What is 24 (base 9) in base 11?
20
What is 100000 (base 2) in base 15?
22
-313 (base 5) to base 6
-215
What is 44 (base 13) in base 14?
40
Convert -1122 (base 3) to base 14.
-32
What is 11011 (base 2) in base 4?
123
-1 (base 16) to base 8
-1
Convert 43 (base 11) to base 6.
115
What is -10 (base 3) in base 15?
-3
What is -13 (base 5) in base 9?
-8
What is 110100100 (base 2) in base 10?
420
What is 3 (base 16) in base 13?
3
What is 1 (base 14) in base 8?
1
What is -6 (base 8) in base 5?
-11
Convert 305 (base 8) to base 4.
3011
Convert 1b (base 13) to base 4.
120
Convert -5 (base 7) to base 14.
-5
Convert 3 (base 10) to base 4.
3
-10 (base 9) to base 3
-100
Convert -10 (base 10) to base 13.
-a
0 (base 3) to base 12
0
What is 11 (base 3) in base 16?
4
Convert 345 (base 6) to base 14.
9b
3002 (base 4) to base 8
302
2 (base 15) to base 2
10
Convert 31 (base 11) to base 10.
34
What is -2 (base 8) in base 13?
-2
-1 (base 7) to base 14
-1
Convert 11 (base 8) to base 16.
9
Convert -10 (base 12) to base 4.
-30
What is -3 (base 8) in base 9?
-3
-10 (base 3) to base 4
-3
18 (base 14) to base 8
26
-2 (base 10) to base 13
-2
Convert -1 (base 14) to base 15.
-1
Convert 4a (base 11) to base 4.
312
What is -1 (base 14) in base 3?
-1
Convert -10100 (base 3) to base 7.
-156
13 (base 8) to base 7
14
35 (base 9) to base 11
2a
Convert 341 (base 9) to base 3.
101101
Convert -3a (base 12) to base 10.
-46
6b (base 13) to base 3
10022
-49 (base 11) to base 3
-1222
11 (base 16) to base 6
25
What is -204 (base 7) in base 15?
-6c
6 (base 14) to base 15
6
101 (base 2) to base 11
5
What is 403 (base 6) in base 7?
300
Convert 2 (base 13) to base 6.
2
a (base 14) to base 4
22
5 (base 6) to base 14
5
-3 (base 11) to base 4
-3
Convert -5 (base 9) to base 3.
-12
-f (base 16) to base 11
-14
Convert 3 (base 6) to base 10.
3
What is -4 (base 11) in base 15?
-4
5 (base 7) to base 8
5
-e (base 16) to base 11
-13
What is -11220 (base 3) in base 11?
-110
Convert 7 (base 9) to base 15.
7
Convert -63 (base 7) to base 10.
-45
-7 (base 15) to base 6
-11
Convert -2 (base 16) to base 13.
-2
4 (base 13) to base 4
10
What is 5 (base 9) in base 16?
5
Convert -59 (base 14) to base 6.
-211
126 (base 15) to base 13
171
What is -1 (base 11) in base 3?
-1
What is 20 (base 8) in base 7?
22
What is 11 (base 7) in base 6?
12
Convert -2 (base 5) to base 13.
-2
What is 11100 (base 2) in base 5?
103
What is -2 (base 15) in base 10?
-2
-22 (base 11) to base 16
-18
Convert -1 (base 7) to base 14.
-1
1121 (base 3) to base 6
111
Convert 170 (base 14) to base 7.
600
-8d (base 15) to base 14
-97
Convert 2 (base 14) to base 13.
2
Convert -20 (base 4) to base 16.
-8
-56 (base 13) to base 10
-71
0 (base 9) to base 4
0
100000111 (base 2) to base 15
128
-1 (base 5) to base 7
-1
What is 14 (base 10) in base 14?
10
Convert 46 (base 10) to base 5.
141
What is 3 (base 14) in base 15?
3
Convert -31 (base 14) to base 15.
-2d
Convert 1001 (base 2) to base 13.
9
What is 56 (base 7) in base 9?
45
Convert -124 (base 5) to base 14.
-2b
What is 1 (base 10) in base 8?
1
What is 103 (base 8) in base 14?
4b
Convert 133 (base 5) to base 2.
101011
-1c (base 14) to base 6
-42
Convert 21 (base 5) to base 12.
b
-425 (base 7) to base 12
-15b
4c (base 15) to base 12
60
Convert -11 (base 2) to base 11.
-3
What is 143 (base 7) in base 3?
2222
14 (base 16) to base 14
16
What is -19 (base 13) in base 4?
-112
Convert -3 (base 16) to base 10.
-3
Convert -17 (base 16) to base 14.
-19
What is -2001 (base 3) in base 11?
-50
What is -3 (base 10) in base 3?
-10
Convert 5 (base 8) to base 10.
5
Convert 2 (base 12) to base 9.
2
What is 14 (base 11) in base 15?
10
11 (base 8) to base 14
9
-1 (base 6) to base 10
-1
Convert 32 (base 7) to base 15.
18
Convert 0 (base 13) to base 5.
0
Convert 40 (base 15) to base 11.
55
2a (base 15) to base 14
2c
Convert 21 (base 14) to base 12.
25
-2 (base 14) to base 13
-2
What is 124 (base 8) in base 16?
54
Convert 303 (base 5) to base 3.
2220
1 (base 5) to base 6
1
10 (base 8) to base 14
8
What is 3 (base 6) in base 16?
3
-55 (base 8) to base 9
-50
111100 (base 2) to base 14
44
What is 188 (base 12) in base 7?
503
What is 2 (base 4) in base 7?
2
Convert -3 (base 15) to base 4.
-3
What is b (base 14) in base 9?
12
Convert -13 (base 10) to base 16.
-d
10 (base 10) to base 3
101
What is -2 (base 9) in base 4?
-2
What is 2b (base 14) in base 4?
213
0 (base 8) to base 15
0
113 (base 4) to base 11
21
Wha